 is the remainder when v is divided by 22?
18
Let m = -99 - -65. Let g = m + 56. Calculate the remainder when 41 is divided by g.
19
Let w = -333 - -355. Calculate the remainder when 124 is divided by w.
14
Let m be 955/(-20) + 3/(-12). Let w be m/(-6) + 4*1. Let z = 19 - w. What is the remainder when 20 is divided by z?
6
Let c = 80 - 43. Suppose 69 = 2*i - c. Calculate the remainder when i is divided by 9.
8
Let k(p) = -3*p - 2*p**3 - 17*p**2 + 5 - 5*p + 3. Calculate the remainder when 20 is divided by k(-8).
4
Suppose -3*c + 5*c = 24. Let r be (9 - 10)/((-1)/6). Suppose -3*i + 79 = 5*b, i + 2*b + 173 = r*i. Calculate the remainder when i is divided by c.
9
Suppose -5*l = -15 - 10. Suppose 0*h - l*h - 5*t = -135, 3*h = t + 81. What is the remainder when h is divided by 10?
7
What is the remainder when 172 is divided by 1460/50 - (-2)/(-10)?
27
Suppose -2411 = -20*c - 711. What is the remainder when 3482 is divided by c?
82
Suppose -1 = -5*t + 9. Suppose 0*p = -z + t*p + 23, 4*z + p - 47 = 0. Suppose 2*l - z = 15. Calculate the remainder when 41 is divided by l.
13
Suppose -2219 = -183*p + 3685 - 963. Let o = -8 + 24. Calculate the remainder when p is divided by o.
11
Let n(v) = -v**2 + 6*v + 2. Let h be n(6). Suppose -h*r = -r + 32. Let q = r + 46. Calculate the remainder when 55 is divided by q.
13
Suppose 7*q - 3*q = 8. Let w(m) = 2*m**2 - 22*m + 45. What is the remainder when w(9) is divided by q?
1
Suppose 0 = 3*y - 11 - 1. What is the remainder when (-252)/(-10) + (y/(-20))/1 is divided by 15?
10
What is the remainder when (((-6)/(-4))/1)/((-249)/(-28552)) is divided by 29?
27
Suppose 3*s = -3*p + s + 127, -5*s + 10 = 0. Calculate the remainder when ((-12)/(-20))/((-2)/(-310)) is divided by p.
11
Suppose 4*g + 251 = 3*s - 20, -182 = -2*s + 4*g. Calculate the remainder when s is divided by 10.
9
Let q = -16 - -30. Suppose q*h = 283 - 59. Calculate the remainder when h is divided by 11.
5
Let t = -1 + 4. Suppose 2*k + 3*d - 55 = 0, 3*k = 6*k - 5*d - 35. Suppose n = -t*i + 26, 5*i - 3*n = -0*n + k. What is the remainder when i is divided by 4?
3
Let z = -133 - -199. What is the remainder when ((-44)/z)/(362/366 + -1) is divided by 21?
19
Let l(c) = 10*c**2 + 0*c - 2*c + 5*c + 0*c. Let h be l(2). Suppose -6 = 5*f - h. What is the remainder when 37 is divided by f?
5
Suppose 11*b = -0*b + 5643. What is the remainder when b is divided by 43?
40
Let q(x) = -x**3 - 12*x**2 - 13*x + 11. Let y be (-6)/3 + 2 + 2. What is the remainder when q(-11) is divided by (y - 1)/(-1) - -10?
6
Let x = 11362 - 11347. Suppose k + 3*k = -l + 140, -k + 5*l = -14. Calculate the remainder when k is divided by x.
4
Let r(q) = -2*q**2 + 133*q - 464. What is the remainder when r(62) is divided by 13?
3
Suppose -3*x + 3*r = -114 - 54, 0 = 3*x - 4*r - 171. Calculate the remainder when 92 is divided by x.
39
Let g(p) = -2*p - 10. Let m(b) be the third derivative of b**5/30 + 5*b**4/12 + 7*b**3/6 - 5*b**2. Calculate the remainder when m(-7) is divided by g(-14).
17
Let r be 3/(-2) + (-28)/(-8). Let i(m) = 16*m**2 + 3*m - 1. Calculate the remainder when i(r) is divided by 24.
21
Suppose -17*a + 30142 = -7649. What is the remainder when a is divided by 89?
87
Suppose -4*p = -147 - 41. Calculate the remainder when p is divided by 34.
13
Suppose -81*j = -80*j - 5, -5*d - 2*j + 3705 = 0. Calculate the remainder when d is divided by 37.
36
Suppose 5*c + 0*c = 50. Suppose -c*o + 6*o = 148. Calculate the remainder when 15 is divided by 6/(-24) - o/4.
6
Let g be -1 + 14/(0 - -2). Let p be -3 + 5*g/5. Suppose 3*w - 4*c + 26 = 81, p*c = 5*w - 77. What is the remainder when 36 is divided by w?
10
Suppose -7 + 37 = -5*u. Let r be ((-1)/3)/(u/90). Suppose -r*n = -n - 144. What is the remainder when n is divided by 13?
10
Suppose 12*i + 27*i - 741 = 0. Calculate the remainder when 56 - 2 - (1 + -3) is divided by i.
18
Let q = -216 - -282. Calculate the remainder when q is divided by 10.
6
Let b = 121 - 116. Let k = -29 - -42. Calculate the remainder when k is divided by b.
3
Let j(u) = 62*u. Let h = -8 - -13. Suppose 3*z - 4*l = 7, 3 + 0 = -2*z - h*l. What is the remainder when j(z) is divided by 16?
14
Calculate the remainder when 203 is divided by ((-23)/(-69))/((-3)/(-387)).
31
Let w(o) = 3*o + 1. Let g be w(1). Suppose 28 = 3*c - 0*c + x, -3*c - g*x + 22 = 0. Let d = 806 - 760. What is the remainder when d is divided by c?
6
Let w(n) = -9*n**2 + 17*n**2 + 2*n**2 + 25*n - n**3 - 6. What is the remainder when 40 is divided by w(12)?
4
Let w = -283 + 296. What is the remainder when 75 is divided by w?
10
Let u(v) = -v**3 + 8*v**2 + 10*v + 10. Let i(y) = -3*y**3 + 2*y**3 - 4 + 11*y**2 + 3 + 10. Let d be i(11). Calculate the remainder when u(d) is divided by 7.
5
Let p = 252 + 107. What is the remainder when p is divided by 18?
17
Suppose t - 4*t = 6. Calculate the remainder when 3805/35 + -1 - t/7 is divided by 28.
24
Let o(y) be the second derivative of -4*y**3/3 + 9*y**2/2 + 4*y. What is the remainder when 96 is divided by o(-3)?
30
Let w = -269 + 286. Calculate the remainder when 116 is divided by w.
14
Let p = 181 + -173. What is the remainder when 134 is divided by p?
6
Let a = -3 + 23. Let r(q) = q**2 + 5*q. Let p be (-5)/10 + 33/(-6). Calculate the remainder when a is divided by r(p).
2
Suppose 208 = 3*y + y. Let x be ((-4)/26)/((-5)/130). Suppose 5*g + 88 = 4*a, -x*a - 3*g = -4 - y. Calculate the remainder when a is divided by 6.
5
What is the remainder when (36 - -143) + (-30)/3 is divided by 58?
53
Suppose l = 4*k - 2, k + 10 = -3*k - 5*l. Suppose k*h + 250 = 5*h. Suppose 159 = 5*n + 3*t - 7*t, 2*n - 5*t = h. What is the remainder when n is divided by 12?
11
Let d(a) = 21*a**3 - 2*a**2 + a + 4. Let m be d(2). Suppose 0 = 4*k + 3*y - m, -2*y - 4 = -0*y. What is the remainder when k is divided by 11?
10
Let q(u) be the second derivative of 2*u**3 + 33*u**2/2 - 4*u. Calculate the remainder when q(10) is divided by 22.
21
Suppose 3*u = 3*q + 13 - 79, -3*q + 2*u + 63 = 0. Suppose -9*j - 2 + 497 = 0. Calculate the remainder when j is divided by q.
17
Suppose -r = -110 + 13. Let a = 42 - 42. Suppose a = -4*h + 47 + 53. Calculate the remainder when r is divided by h.
22
Suppose -69*s + 5753 = 1475. What is the remainder when 423 is divided by s?
51
Let n(y) = 2*y**3 - y**2 + 4*y + 11. Suppose -6*t + 105 = -3*t + 4*f, 4*t - 5*f - 109 = 0. What is the remainder when t is divided by n(0)?
9
Let p be 608/(-80)*10/(-2). Let x = p + -14. Suppose x = -d + 2*d. What is the remainder when 45 is divided by d?
21
Suppose 3*u - 71 = 4*i, -u + 4*i - 97 = -6*u. Let z = u - 4. Let y(a) = -8*a - 192. What is the remainder when y(-30) is divided by z?
14
Suppose 48 = -x + 9*x. What is the remainder when 221 is divided by (-10 - x)/(-1 + 0)?
13
Let x = 404 - 321. Calculate the remainder when x is divided by 29.
25
Let l(i) = -13*i + 31. What is the remainder when l(-6) is divided by (-4)/20 - 142/(-10)?
11
Let l(h) = 6*h**3 - 2*h + 3. Let g be (-4)/(-30) + 21*20/225. What is the remainder when 135 is divided by l(g)?
41
Let g(y) = y**3 + 2*y**2 - 140*y - 19. Suppose -4*x = -x - 162. Calculate the remainder when x is divided by g(11).
12
Let o(d) be the first derivative of d**4/4 - 13*d**3/3 + 7*d**2 + 11*d + 17. Calculate the remainder when 68 is divided by o(12).
33
Calculate the remainder when ((-3052)/63 + 6)*(-18)/4 is divided by 67.
57
Let m(k) = k**2 + 3*k - 37. Calculate the remainder when 247 is divided by m(-11).
43
Let u(y) be the second derivative of -y**3/6 + 3*y**2 - 3*y. Let z be u(5). Let j = 51 + z. What is the remainder when j is divided by 18?
16
Let b = -235 + 305. Calculate the remainder when b is divided by 20.
10
Let u(m) = m**3 - m**2 - 6*m - 4. Suppose 2*p + 22 = 4*i + 2, -8 = -i + 2*p. What is the remainder when 78 is divided by u(i)?
18
Suppose -2 = -d - 0. Suppose -d*w + 3*w = -3*t + 26, 0 = -2*t + 2*w + 28. What is the remainder when t is divided by (-3)/1*((-46)/6 - -6)?
0
Suppose 25*q - 30*q = -135. Calculate the remainder when 186 is divided by q.
24
Let n(t) = 3*t + 8. Let k be n(-3). Calculate the remainder when ((-1)/5 + 204/(-5))/k is divided by 15.
11
Let p(j) = j**3 - 4*j**2 - 3*j. Let r(v) be the third derivative of v**5/60 + v**4/24 - v**3 - 7*v**2. What is t